, 131, 1249
What are the prime factors of 229980701?
29, 151, 1811
What are the prime factors of 29026807?
4139, 7013
What are the prime factors of 1109832601?
1109832601
List the prime factors of 2639859949.
2639859949
List the prime factors of 860267632.
2, 7, 43, 178627
What are the prime factors of 28770902?
2, 17, 19, 44537
What are the prime factors of 56764023?
3, 23, 822667
List the prime factors of 175264483.
31, 463, 12211
What are the prime factors of 1219351970?
2, 5, 121935197
What are the prime factors of 3801581748?
2, 3, 131, 89567
What are the prime factors of 378388106?
2, 189194053
List the prime factors of 79762700.
2, 5, 797627
What are the prime factors of 1152795889?
7, 5449, 30223
List the prime factors of 1212102297.
3, 7, 113, 170263
What are the prime factors of 70462038?
2, 3, 11743673
List the prime factors of 220949415.
3, 5, 181, 27127
What are the prime factors of 2898063897?
3, 966021299
What are the prime factors of 53273014?
2, 23, 617, 1877
List the prime factors of 77059873.
11, 29, 241567
What are the prime factors of 24875213?
11, 23, 98321
What are the prime factors of 666279821?
19, 1669, 21011
What are the prime factors of 1397240690?
2, 5, 199, 702131
What are the prime factors of 40499120?
2, 5, 43, 61, 193
List the prime factors of 97963837.
97963837
List the prime factors of 1240261171.
1240261171
List the prime factors of 352244633.
13, 27095741
What are the prime factors of 227740846?
2, 37, 3077579
What are the prime factors of 5128522170?
2, 3, 5, 170950739
What are the prime factors of 201988495?
5, 271, 149069
What are the prime factors of 8725130?
2, 5, 43, 103, 197
What are the prime factors of 1598066801?
19, 84108779
List the prime factors of 6544979920.
2, 5, 2297, 35617
List the prime factors of 342695625.
3, 5, 193, 947
What are the prime factors of 2681176868?
2, 19, 431, 81853
What are the prime factors of 75394460?
2, 5, 23, 163901
What are the prime factors of 100745289?
3, 409, 3041
What are the prime factors of 308695790?
2, 5, 13, 2374583
What are the prime factors of 1421481335?
5, 3541, 80287
List the prime factors of 160726576.
2, 23, 436757
List the prime factors of 257586209.
12227, 21067
List the prime factors of 123826455.
3, 5, 43, 83, 257
List the prime factors of 30301385.
5, 89, 149, 457
List the prime factors of 4538679107.
1697, 2674531
What are the prime factors of 589776596?
2, 29, 37, 137413
List the prime factors of 2148715464.
2, 3, 7, 1827139
List the prime factors of 892274093.
12763, 69911
List the prime factors of 5455609041.
3, 37, 3181, 15451
What are the prime factors of 1717608430?
2, 5, 17, 103, 233, 421
List the prime factors of 103899411.
3, 7, 11, 313, 479
List the prime factors of 1094594527.
13, 421, 199999
List the prime factors of 18568094.
2, 9284047
List the prime factors of 2084096558.
2, 37, 28163467
What are the prime factors of 31334088?
2, 3, 1305587
What are the prime factors of 12389809?
587, 21107
List the prime factors of 479060822.
2, 8209, 29179
What are the prime factors of 291182536?
2, 67, 167, 3253
What are the prime factors of 394563893?
37, 97, 109937
What are the prime factors of 97899728?
2, 127, 48179
What are the prime factors of 302732609?
302732609
What are the prime factors of 30113678?
2, 7, 2150977
What are the prime factors of 280717805?
5, 56143561
What are the prime factors of 1196507185?
5, 2699, 88663
List the prime factors of 197252220.
2, 3, 5, 11, 53, 5639
List the prime factors of 33644618.
2, 7, 37, 64951
What are the prime factors of 2798349109?
37, 75631057
What are the prime factors of 6927190323?
3, 2309063441
List the prime factors of 290213088.
2, 3, 11, 41, 6703
List the prime factors of 3618092551.
30491, 118661
List the prime factors of 828746369.
11, 29, 97, 26783
List the prime factors of 466467081.
3, 19, 8183633
What are the prime factors of 104585551?
7, 2134399
What are the prime factors of 669674241?
3, 2851, 26099
List the prime factors of 436815687.
3, 7, 11, 103, 1669
List the prime factors of 479774396.
2, 19, 73, 86477
List the prime factors of 333642062.
2, 13, 61, 211, 997
What are the prime factors of 61882599?
3, 101, 204233
What are the prime factors of 55828818?
2, 3, 1033867
List the prime factors of 2832881449.
2832881449
List the prime factors of 5006963538.
2, 3, 92721547
List the prime factors of 57176781.
3, 23, 828649
What are the prime factors of 355377040?
2, 5, 4442213
List the prime factors of 60607564.
2, 29, 522479
What are the prime factors of 3662966960?
2, 5, 761, 60167
What are the prime factors of 144452151?
3, 571, 28109
What are the prime factors of 42546333?
3, 53, 267587
What are the prime factors of 1182154980?
2, 3, 5, 601, 32783
What are the prime factors of 1372383255?
3, 5, 223, 410279
List the prime factors of 53991054.
2, 3, 13, 179, 1289
List the prime factors of 1973742265.
5, 11, 251, 142973
What are the prime factors of 811111146?
2, 3, 23, 107, 163, 337
What are the prime factors of 167631822?
2, 3, 3104293
What are the prime factors of 411105900?
2, 3, 5, 17, 149, 541
What are the prime factors of 70333747?
11, 23, 277999
List the prime factors of 25120701.
3, 47, 59387
What are the prime factors of 2162487349?
11, 196589759
List the prime factors of 1029967378.
2, 11, 109, 429511
List the prime factors of 29127011.
31, 939581
List the prime factors of 3189654949.
13, 245358073
What are the prime factors of 180378182?
2, 37, 73, 33391
What are the prime factors of 2941732075?
5, 117669283
List the prime factors of 610560.
2, 3, 5, 53
List the prime factors of 12602967.
3, 13, 17, 19009
What are the prime factors of 3495156?
2, 3, 7, 41609
List the prime factors of 81817267.
7, 11688181
List the prime factors of 737816487.
3, 245938829
List the prime factors of 6611032464.
2, 3, 317, 434479
What are the prime factors of 65220884?
2, 29, 71, 7919
List the prime factors of 94059809.
37, 883, 2879
What are the prime factors of 189227726?
2, 19, 29, 171713
List the prime factors of 411297103.
7, 58756729
List the prime factors of 171405193.
47, 3646919
List the prime factors of 42468322.
2, 13, 61, 26777
List the prime factors of 3622803966.
2, 3, 201266887
List the prime factors of 224804827.
13, 19, 910141
What are the prime factors of 122607491?
43, 2851337
What are the prime factors of 113533746?
2, 3, 109, 173599
List the prime factors of 278783986.
2, 13, 17, 630733
List the prime factors of 3524533754.
2, 7, 23, 383, 28579
What are the prime factors of 18971673?
3, 7, 103, 179
List the prime factors of 81576083.
37, 2204759
List the prime factors of 89585780.
2, 5, 1709, 2621
What are the prime factors of 3249991582?
2, 5741, 283051
List the prime factors of 6252696469.
6252696469
List the prime factors of 393623538.
2, 3, 7, 11, 37, 23027
What are the prime factors of 74346900?
2, 3, 5, 79, 3137
What are the prime factors of 24002860?
2, 5, 7, 171449
List the prime factors of 1897534198.
2, 7, 61, 463, 4799
List the prime factors of 5404328052.
2, 3, 151, 2982521
List the prime factors of 94313632.
2, 7, 60149
List the prime factors of 4564562737.
7, 167, 3904673
What are the prime factors of 219570842?
2, 61, 1799761
What are the prime factors of 96397692?
2, 3, 23, 233, 1499
What are the prime factors of 105398096?
2, 17, 387493
What are the prime factors of 153090397?
563, 271919
What are the prime factors of 6925751129?
11, 47, 113, 118549
What are the prime factors of 633582514?
2, 647, 489631
List the prime factors of 628387167.
3, 17, 29, 479, 887
What are the prime factors of 224994508?
2, 56248627
What are the prime factors of 2373257016?
2, 3, 13, 19, 44483
List the prime factors of 42703796.
2, 17, 41, 53
What are the prime factors of 7593838?
2, 7, 127, 4271
What are the prime factors of 10330413?
3, 1733, 1987
List the prime factors of 274621635.
3, 5, 6102703
What are the prime factors of 32043523?
113, 283571
What are the prime factors of 221257321?
221257321
What are the prime factors of 143815245?
3, 5, 7, 389, 503
What are the prime factors of 102767699?
293, 359, 977
What are the prime factors of 205560100?
2, 5, 157, 13093
What are the prime factors of 32834469?
3, 10944823
List the prime factors of 25307218.
2, 1265360